 14157.
117
Calculate the greatest common factor of 49800 and 4522200.
600
What is the greatest common factor of 75 and 9432925?
25
What is the greatest common divisor of 238798 and 6031?
37
Calculate the highest common divisor of 1018180 and 3020.
20
Calculate the greatest common factor of 19 and 66735847.
19
What is the highest common factor of 80 and 74610680?
40
Calculate the highest common divisor of 176891 and 9119.
11
Calculate the highest common factor of 9241286 and 93.
31
Calculate the greatest common divisor of 1578304 and 62872.
2168
What is the highest common factor of 1881 and 2311749?
1881
What is the greatest common divisor of 3185 and 9560395?
65
What is the highest common divisor of 266 and 5675091?
19
What is the highest common divisor of 15729 and 6136662?
147
Calculate the greatest common factor of 547955 and 65888.
29
Calculate the highest common divisor of 166513136 and 2416.
2416
What is the highest common divisor of 167592965 and 149?
149
Calculate the highest common factor of 4929 and 21297.
93
Calculate the highest common divisor of 6861 and 4755.
3
What is the greatest common divisor of 785349 and 867?
51
Calculate the highest common divisor of 5949 and 20859177.
1983
Calculate the greatest common factor of 396435 and 351861.
57
What is the greatest common factor of 34739185 and 585?
65
Calculate the highest common divisor of 4515240 and 1440.
120
Calculate the greatest common factor of 406 and 2348389666.
406
Calculate the highest common factor of 55347856 and 16.
16
What is the highest common divisor of 1670 and 8628820?
10
Calculate the greatest common divisor of 1795117 and 124.
31
Calculate the highest common factor of 70542 and 117522.
18
Calculate the greatest common divisor of 4451524 and 142891.
1043
Calculate the highest common divisor of 3062211 and 1395.
93
What is the highest common divisor of 3156256 and 10547?
53
Calculate the greatest common factor of 95797152 and 36.
36
What is the highest common divisor of 4963 and 2016?
7
What is the highest common divisor of 1389360 and 390180?
420
Calculate the greatest common factor of 223690662 and 20085.
4017
What is the highest common factor of 1040 and 4523363?
13
Calculate the highest common divisor of 91688 and 785000.
1256
Calculate the highest common factor of 1843 and 37442.
97
What is the highest common factor of 8755946 and 4?
2
Calculate the highest common divisor of 614637 and 57567.
93
What is the highest common factor of 40296 and 1015864?
184
What is the highest common factor of 311742 and 531576?
1242
What is the highest common factor of 1296453 and 380999?
139
Calculate the highest common factor of 36125 and 6940250.
2125
What is the highest common divisor of 76175723 and 267?
89
What is the greatest common factor of 78000 and 38576?
16
Calculate the highest common factor of 302795 and 1265.
115
Calculate the greatest common divisor of 20 and 1094512820.
20
What is the highest common divisor of 13670 and 33130?
10
What is the highest common divisor of 118221439 and 1862?
133
What is the greatest common divisor of 90 and 29999790?
90
What is the greatest common divisor of 42016647 and 1506?
753
What is the greatest common divisor of 39950 and 19040?
170
What is the highest common factor of 7820418 and 39198?
834
What is the highest common factor of 1358540995 and 5?
5
Calculate the highest common divisor of 3200 and 3628.
4
Calculate the highest common factor of 29648 and 713296.
1744
What is the greatest common divisor of 1130456 and 72?
8
What is the greatest common factor of 61945524 and 1152?
36
What is the greatest common divisor of 339741 and 2997?
27
Calculate the greatest common divisor of 392496 and 146744.
1768
Calculate the highest common factor of 130539284 and 941.
941
What is the highest common factor of 277 and 157447631?
277
Calculate the greatest common divisor of 18 and 3609568638.
18
Calculate the greatest common divisor of 285340 and 88.
44
What is the highest common factor of 15281 and 6385039?
59
What is the greatest common divisor of 4260642 and 816?
102
Calculate the highest common divisor of 25959 and 13753.
17
Calculate the highest common divisor of 14060823 and 43785.
2919
Calculate the greatest common factor of 12212 and 391779278.
6106
Calculate the highest common divisor of 6581498 and 44.
22
What is the highest common divisor of 29713 and 1903309?
43
Calculate the highest common divisor of 17693275 and 579.
193
What is the highest common factor of 2947410 and 127170?
90
Calculate the highest common factor of 6050 and 69366275.
3025
Calculate the greatest common divisor of 1848 and 8193108.
924
What is the highest common factor of 182736 and 1696?
16
Calculate the highest common factor of 2992 and 184430224.
176
Calculate the greatest common factor of 279976 and 996307.
443
What is the highest common divisor of 189 and 24179211?
63
What is the highest common factor of 782432 and 632884?
196
Calculate the highest common factor of 48528648 and 64824.
1752
What is the greatest common divisor of 55917 and 7503651?
513
What is the greatest common factor of 106507345 and 1505?
1505
What is the greatest common factor of 19876872 and 17604?
1956
Calculate the greatest common factor of 9292 and 13893863.
2323
What is the greatest common divisor of 7947 and 20889?
9
Calculate the highest common divisor of 11134 and 996626.
38
What is the highest common divisor of 199022 and 502244?
1042
What is the highest common factor of 624 and 14607120?
48
Calculate the highest common divisor of 13768238 and 187.
11
Calculate the greatest common divisor of 146320 and 754610.
590
Calculate the greatest common divisor of 631584 and 1819.
17
What is the greatest common factor of 2265914 and 414?
46
Calculate the greatest common divisor of 226629216 and 594.
198
What is the greatest common divisor of 680157 and 25813?
311
Calculate the greatest common factor of 128 and 74331728.
16
What is the greatest common factor of 2160167494 and 38?
38
Calculate the highest common divisor of 5163253 and 451.
41
What is the greatest common factor of 814 and 742434?
22
Calculate the highest common factor of 97881 and 5475141.
1239
What is the highest common factor of 6065 and 40059325?
6065
Calculate the highest common divisor of 170283 and 16647.
93
Calculate the greatest common factor of 17587773 and 1701.
567
Calculate the highest common factor of 113220 and 178681140.
6660
What is the highest common divisor of 84 and 94144356?
12
What is the highest common factor of 66089025 and 315?
45
Calculate the highest common divisor of 4228146 and 175617.
2223
Calculate the highest common factor of 3821606 and 36860.
194
Calculate the greatest common factor of 848 and 10589506.
106
What is the highest common divisor of 472975 and 281825?
25
Calculate the highest common factor of 75754660 and 20.
20
What is the greatest common divisor of 884446 and 282?
94
What is the greatest common divisor of 382959345 and 285?
285
Calculate the highest common factor of 37164 and 482448.
228
What is the greatest common divisor of 80 and 756590?
10
Calculate the greatest common divisor of 2523 and 5959167051.
2523
What is the highest common factor of 40725 and 187425?
225
What is the greatest common divisor of 2287142 and 2288?
286
Calculate the greatest common factor of 598 and 17798573.
299
What is the highest common factor of 24484511 and 7627?
263
Calculate the greatest common factor of 4912 and 148541336.
2456
What is the highest common factor of 122 and 21398861?
61
Calculate the greatest common factor of 90 and 2935638.
18
What is the highest common divisor of 25195 and 28712222?
5039
Calculate the greatest common factor of 2544370 and 1130.
10
Calculate the greatest common factor of 966127440 and 51600.
10320
Calculate the highest common divisor of 1148105 and 805.
35
What is the highest common divisor of 6103 and 10571114?
359
Calculate the greatest common divisor of 4250 and 292570.
170
Calculate the highest common factor of 95416784 and 24.
8
Calculate the greatest common factor of 6827631 and 456.
57
What is the greatest common factor of 9998134 and 13080?
218
Calculate the greatest common factor of 386641063 and 8637.
2879
What is the greatest common divisor o